onvert -321130002 (base 4) to base 14.
-61a4a
Convert 79539 (base 10) to base 13.
2a285
What is -2109738 (base 10) in base 8?
-10030452
Convert 10001110100010110010 (base 2) to base 5.
122140413
Convert -7691987 (base 10) to base 9.
-15423372
1012101 (base 5) to base 12
9692
What is -150d531 (base 14) in base 5?
-10111132401
What is 204153615 (base 7) in base 14?
1852345
Convert 4a233 (base 11) to base 2.
10001100111011000
What is 1ebd4c (base 15) in base 4?
11300032113
What is -220012010022011 (base 3) in base 6?
-1135311434
What is 6303631 (base 8) in base 4?
12120132121
Convert -51522 (base 7) to base 12.
-7369
14433330 (base 5) to base 13
559bb
Convert -64870 (base 9) to base 3.
-2011222100
-3367776 (base 8) to base 16
-deffe
What is -195bb (base 14) in base 15?
-1408c
Convert -137505 (base 9) to base 12.
-40905
What is 7c7d47 (base 14) in base 10?
4247579
Convert 4060566 (base 7) to base 8.
1663657
700396 (base 10) to base 7
5644654
19a218b (base 13) to base 6
501144450
Convert 202306440 (base 7) to base 11.
6741816
Convert -21873 (base 11) to base 8.
-75655
Convert -11001000101111011101 (base 2) to base 15.
-11395c
652677 (base 9) to base 10
389113
1205523 (base 6) to base 7
353040
What is 1e2355 (base 15) in base 11?
918732
-100527 (base 10) to base 15
-1ebbc
11300303301 (base 4) to base 14
2b474d
What is -3a7d38 (base 14) in base 7?
-23110401
220112001202 (base 3) to base 13
13b8b7
What is -110100505 (base 6) in base 11?
-1124249
What is 320112000 (base 4) in base 15?
485a9
Convert 692805 (base 10) to base 16.
a9245
Convert 1368025 (base 9) to base 12.
304295
What is 6e01c (base 15) in base 14?
91cd5
Convert 304503 (base 13) to base 9.
2102150
What is 130014224 (base 5) in base 14?
1242bb
What is -2040465 (base 10) in base 7?
-23225610
Convert 34a529a (base 11) to base 12.
2069267
Convert 14103432 (base 5) to base 14.
3a7d0
643053 (base 7) to base 11
76866
What is -1000100101011100110 (base 2) in base 15?
-58548
-11121243 (base 5) to base 2
-11000000000010011
Convert 210814 (base 11) to base 8.
1223476
-1442401 (base 8) to base 15
-81b21
What is -10122311 (base 5) in base 11?
-57261
What is 315b87 (base 13) in base 16?
11a143
What is -102200133 (base 4) in base 11?
-51a56
What is -155153423 (base 6) in base 14?
-6289a7
Convert -97342 (base 14) to base 10.
-365598
-100594a (base 12) to base 13
-80b88b
What is 109773 (base 14) in base 13?
169931
What is 66566 (base 8) in base 15?
8482
What is 3cb36 (base 14) in base 6?
3120112
483078 (base 9) to base 15
5b312
What is -4100132 (base 5) in base 13?
-23b74
-2230345 (base 6) to base 7
-650060
Convert -392d54 (base 16) to base 9.
-7041116
What is -1dc45a (base 14) in base 3?
-2000102011120
77449 (base 14) to base 7
2312322
Convert 5502327 (base 9) to base 7.
34052521
What is 44079 (base 12) in base 8?
257535
What is -33026236 (base 7) in base 4?
-22303003201
Convert -20122122122 (base 3) to base 9.
-218578
212222000000202 (base 3) to base 4
300211013021
Convert 77742 (base 8) to base 11.
22662
-11202102211022 (base 3) to base 4
-21221030231
2501154 (base 7) to base 6
10504220
206368 (base 12) to base 3
221211120222
Convert -1148530 (base 11) to base 8.
-7507036
-9206840 (base 10) to base 4
-203013300320
What is -2a32b (base 15) in base 4?
-201020210
What is 5155511 (base 7) in base 6?
21133505
What is 35699a7 (base 13) in base 2?
111111000011100100011001
What is -342415211 (base 6) in base 13?
-13c0c12
Convert 9c8c79 (base 13) to base 15.
4d2783
799c3 (base 13) to base 11
141365
What is -1002120222002 (base 3) in base 10?
-582446
Convert 11220100210 (base 3) to base 11.
66550
-21061 (base 8) to base 15
-28d8
Convert -13bd5 (base 16) to base 3.
-11002220120
252c68 (base 14) to base 12
516290
2115635 (base 7) to base 16
3ea1d
Convert -1f74b3 (base 16) to base 6.
-112103535
What is -37a58 (base 13) in base 4?
-121012221
Convert -783384 (base 10) to base 14.
-1656c0
What is 10202200101212 (base 3) in base 2?
111101000100111110110
What is -26261225 (base 7) in base 8?
-11122264
2c6b7 (base 13) to base 4
110222222
What is -400020 (base 8) in base 11?
-8a541
What is 2200325 (base 6) in base 16?
1a9bd
Convert -222111202 (base 4) to base 10.
-173410
What is -4442212 (base 5) in base 2?
-10010111111101111
-111323130 (base 5) to base 15
-9bbca
What is 11102020200002 (base 3) in base 6?
122150215
Convert 455b09 (base 13) to base 14.
309d82
Convert 1d867 (base 16) to base 10.
120935
Convert c0ba5 (base 14) to base 2.
1110001000110111101
b05cb (base 16) to base 6
23252203
221010012220110 (base 3) to base 8
62731003
1a12b (base 15) to base 14
22bbb
Convert 81a8 (base 15) to base 12.
13a1b
What is 51551405 (base 7) in base 2?
10000100001100110101100
-2936bb (base 14) to base 15
-1d3eca
What is -1012616 (base 7) in base 13?
-43130
Convert 24142404 (base 5) to base 8.
666731
-16662 (base 15) to base 7
-420560
Convert 2521233 (base 6) to base 7.
1101600
What is -100010110101111101 (base 2) in base 14?
-3a021
What is 1001222221110 (base 3) in base 2?
10001011010110001101
What is 3dd490 (base 16) in base 9?
7555406
What is -111101000000001100 (base 2) in base 12?
-100724
-1043233 (base 5) to base 9
-27421
Convert 89119 (base 10) to base 6.
1524331
Convert 12034140 (base 5) to base 6.
2221323
4a813 (base 12) to base 10
101391
3a842 (base 12) to base 10
80690
-3752 (base 10) to base 15
-11a2
What is -255a790 (base 11) in base 15?
-5c94c8
Convert 7736a (base 12) to base 10.
157762
What is 595959 (base 10) in base 5?
123032314
Convert 271322 (base 9) to base 13.
5a158
Convert 21110201000122 (base 3) to base 16.
3c9467
What is 94014 (base 16) in base 10?
606228
What is -a3412 (base 12) in base 13?
-7601c
Convert -2919153 (base 10) to base 9.
-5438283
What is 112000020221101 (base 3) in base 5?
3401221413
-202220200210 (base 3) to base 4
-1210200033
Convert -121200202002 (base 3) to base 5.
-41003332
Convert -101111011 (base 3) to base 5.
-221040
What is -30116631 (base 7) in base 8?
-11403463
What is -3130002112 (base 4) in base 13?
-2572c6
What is 10221112011012 (base 3) in base 8?
7777115
-101020102120 (base 4) to base 10
-4490392
What is 1055337 (base 8) in base 7?
2266043
What is 110000101011100111 (base 2) in base 14?
5294b
What is 1233432231 (base 5) in base 6?
144541124
What is -22c00 (base 14) in base 11?
-58685
Convert -49166 (base 11) to base 6.
-1303252
10444 (base 16) to base 15
14b1d
What is -4522135 (base 7) in base 13?
-167c9b
-315154235 (base 6) to base 11
-3162863
-4845512 (base 9) to base 14
-4c5c73
-30422610 (base 8) to base 6
-345510224
What is 49632 (base 11) in base 16?
11688
What is 1020000100 (base 4) in base 5?
33414203
4cb7c (base 16) to base 7
2446066
What is a497 (base 16) in base 10?
42135
What is -16445003 (base 8) in base 4?
-32210220003
Convert 1c21cc (base 13) to base 7.
6052333
Convert -110010010010010001 (base 2) to base 16.
-32491
Convert 135441 (base 6) to base 11.
977a
-1000222211012 (base 3) to base 4
-2012201102
What is -243d95 (base 15) in base 2?
-110100111011100101000
11111100000010 (base 2) to base 4
3330002
What is -5225095 (base 10) in base 5?
-2314200340
What is -5097a6 (base 16) in base 2?
-10100001001011110100110
-6a5040 (base 12) to base 7
-20345424
-10001010100011111101 (base 2) to base 5
-121130144
-271919 (base 11) to base 10
-427029
Convert -1042246 (base 7) to base 3.
-20111200101
252134 (base 8) to base 13
30876
What is 5659b6 (base 12) in base 13?
393690
19840c4 (base 13) to base 3
120211001200222
Convert 172107a (base 12) to base 4.
102030310132
What is -82191 (base 10) in base 11?
-5682a
What is -a9ea9 (base 15) in base 4?
-2003310132
What is -16cbc0 (base 15) in base 13?
-2c9706
8ee0 (base 15) to base 7
154341
Convert -10560777 (base 8) to base 5.
-1041123304
What is 1477 (base 13) in base 9?
4061
Convert 11ba031 (base 14) to base 10.
8517419
Convert -8cc128 (base 14) to base 8.
-22230510
What is 41c9 (base 13) in base 3?
110111212
Convert 2312200 (base 6) to base 16.
1cea8
203100 (base 7) to base 8
103604
What is -13504233 (base 6) in base 2?
-1110000001111011101
-199588 (base 13) to base 3
-1012222100201
Convert -22330031122 (base 4) to base 6.
-141250014
What is -83eeb (base 16) in base 11?
-33a009
Convert -22983 (base 10) to base 15.
-6c23
What is -6